{"id":658,"date":"2025-02-25T13:54:43","date_gmt":"2025-02-25T13:54:43","guid":{"rendered":"\/?page_id=658"},"modified":"2026-03-24T16:31:54","modified_gmt":"2026-03-24T16:31:54","slug":"658-2","status":"publish","type":"page","link":"\/?page_id=658","title":{"rendered":"quienes somos"},"content":{"rendered":"\n<!DOCTYPE html>\n<html lang=\"es\">\n<head>\n  <meta charset=\"UTF-8\" \/>\n  <meta name=\"viewport\" content=\"width=device-width, initial-scale=1.0\"\/>\n  <title>Parque Estadio Nacional<\/title>\n  <style>\n    body, html {\n      margin: 0;\n      padding: 0;\n      font-family: Arial, sans-serif;\n      overflow-x: hidden;\n    }\n    .quienessomos-titulo {\n      display: flex;\n      position: relative;\n      min-height: 100vh;\n      background: transparent !important;\n      max-width: none !important;\n      width: 100% !important;\n      margin-top: 0 !important;\n      margin-bottom: 0;\n      overflow: visible;\n    }\n    .text-section {\n      width: 50%;\n      position: relative;\n      display: flex;\n      flex-direction: column;\n      justify-content: center;\n      padding: 40px;\n      padding-top: 20px; \/* Ajuste para subir un poco el contenido *\/\n      padding-right: 60px; \/* Ampliado para evitar que el texto se corte *\/\n      background: transparent !important;\n      z-index: 10;\n      clip-path: polygon(0 0, 100% 0, 85% 100%, 0 100%);\n    }\n    .text-content {\n      max-width: 100%;\n      overflow: visible;\n      padding-right: 5%; \/* Asegura que el texto no se corte con el clip-path *\/\n    }\n    .highlight-container {\n      position: relative;\n      width: 100%;\n      margin-top: 20px;\n      background: transparent !important;\n    }\n    .highlight-box {\n      background-image: url('https:\/\/i.imgur.com\/SuSN4XO.png');\n      background-size: 100% 100%;\n      background-repeat: no-repeat;\n      color: white;\n      padding: 20px;\n      width: 85%; \/* Reducido ligeramente para evitar desbordamiento *\/\n      background-color: transparent !important;\n    }\n    .highlight-box p {\n      color: white;\n      background: transparent !important;\n    }\n    .image-section {\n      width: 70%;\n      position: absolute;\n      top: -250px;\n      right: -350px;\n      height: 120%;\n      background-image: url('https:\/\/imagizer.imageshack.com\/img923\/2720\/II1VZe.png');\n      background-size: cover;\n      background-position: top right;\n      clip-path: polygon(0 0, 100% 0, 100% 100%, 0 100%);\n      background-color: transparent !important;\n    }\n    h1 {\n      font-size: 2.5rem;\n      margin-bottom: 35px; \/* Aumentado para separar m\u00e1s el t\u00edtulo del texto *\/\n      color: #48bab5;\n      font-weight: bold; \/* Agregado para que el t\u00edtulo destaque m\u00e1s *\/\n      background: transparent !important;\n    }\n    p {\n      margin-bottom: 15px;\n      line-height: 1.6;\n      color: #333;\n      background: transparent !important;\n    }\n\n    @media (min-width: 992px) {\n      .quienessomos-titulo {\n        margin-top: 300px; \/* Bajado a\u00fan m\u00e1s para mayor separaci\u00f3n *\/\n      }\n    }\n\n    @media (max-width: 1200px) {\n      .quienessomos-titulo {\n        min-height: auto;\n      }\n      .text-section {\n        width: 60%;\n        padding: 30px;\n      }\n      .image-section {\n        width: 80%;\n        top: -200px;\n        right: -300px;\n      }\n    }\n    @media (max-width: 992px) {\n      .text-section {\n        width: 70%;\n        padding: 25px;\n      }\n      .image-section {\n        width: 90%;\n        top: -150px;\n        right: -250px;\n      }\n    }\n    @media (max-width: 768px) {\n      .quienessomos-titulo {\n        flex-direction: column;\n        min-height: auto;\n        margin-bottom: 0;\n      }\n      .text-section, .image-section {\n        width: 100%;\n        position: static;\n        clip-path: none;\n      }\n      .text-section {\n        padding: 20px;\n        order: 1;\n      }\n      .image-section {\n        order: 2;\n        height: 50vh;\n        background-size: cover;\n        background-position: center;\n        position: relative;\n        top: 0;\n        right: 0;\n      }\n      h1 {\n        font-size: 2rem;\n      }\n      p {\n        font-size: 0.9rem;\n      }\n      .quienesomos-autoridades {\n        margin-top: -100px !important;\n        padding-top: 20px !important;\n      }\n    }\n    @media (min-width: 769px) and (max-width: 991px) {\n      .quienesomos-autoridades {\n        margin-top: -100px !important;\n        padding-top: 20px !important;\n      }\n    }\n    @media (max-width: 480px) {\n      .text-section {\n        padding: 15px;\n      }\n      h1 {\n        font-size: 1.8rem;\n      }\n      p {\n        font-size: 0.85rem;\n      }\n      .quienesomos-autoridades {\n        margin-top: -100px !important;\n        padding-top: 20px !important;\n      }\n    }\n\n    \/* Espaciado para la secci\u00f3n Historia del Parque en responsive *\/\n    @media (max-width: 768px) {\n      .disfruta-nuevo {\n        padding-bottom: 200px !important;\n      }\n    }\n    @media (max-width: 480px) {\n      .disfruta-nuevo {\n        padding-bottom: 300px !important;\n      }\n    }\n\n    .quienesomos-autoridades {\n      width: 100vw !important;\n      margin-left: calc(-50vw + 50%) !important;\n      margin-right: calc(-50vw + 50%) !important;\n      margin-top: -100px !important;\n      padding-top: 0 !important;\n      padding-bottom: 3rem !important;\n      padding-left: 2rem !important;\n      padding-right: 2rem !important;\n      max-width: none !important;\n      overflow-x: hidden !important;\n      position: relative;\n      z-index: 20 !important;\n    }\n    .quienesomos-autoridades .grid {\n      display: grid;\n      grid-template-columns: repeat(1, 1fr);\n      width: 100% !important;\n      max-width: none !important;\n      gap: 2rem !important;\n      padding: 0 5% !important;\n    }\n    .quienesomos-autoridades img {\n      width: 70% !important;\n      height: auto !important;\n      max-width: none !important;\n      display: block !important;\n      margin: 0 auto !important;\n    }\n    .quienesomos-autoridades h1 {\n      margin-top: 0 !important;\n      margin-bottom: 2rem !important;\n      padding-top: 1rem !important;\n    }\n    @media (min-width: 768px) {\n      .quienesomos-autoridades .grid {\n        grid-template-columns: repeat(2, 1fr);\n        gap: 3rem !important;\n      }\n    }\n    @media (min-width: 1024px) {\n      .quienesomos-autoridades .grid {\n        grid-template-columns: repeat(4, 1fr);\n        gap: 4rem !important;\n      }\n      .quienesomos-autoridades img {\n        min-width: 280px !important;\n      }\n    }\n  <\/style>\n<\/head>\n<body>\n  <div class=\"quienessomos-titulo\">\n    <div class=\"text-section\">\n      <div class=\"text-content\">\n        <h1>\u00bfQui\u00e9nes somos?<\/h1>\n        <p>El Parque Estadio Nacional es un complejo de 64 hect\u00e1reas y es el principal\ncentro de deporte de alto rendimiento del pa\u00eds. Es administrado por el\nInstituto Nacional de Deportes, servicio que pertenece al Ministerio del\nDeporte y su objetivo es ser un punto de encuentro para el deporte de alto\nrendimiento, formativo y actividad f\u00edsica recreativa.\n<\/p>\n        <div class=\"highlight-container\">\n          <div class=\"highlight-box\">\n            <p>Adem\u00e1s es un lugar que promueve la convivencia de distintas disciplinas tanto deportivas como culturales.<\/p>\n          <\/div>\n        <\/div>\n      <\/div>\n    <\/div>\n    <div class=\"image-section\"><\/div>\n  <\/div>\n<!--\n  <div class=\"quienesomos-autoridades\">\n    <br><br><br>\n    <h1 style=\"font-size: 3rem; font-weight: bold; text-align: center; color: #48bab5;\">Autoridades<\/h1>\n    <div class=\"grid\">\n      <div>\n        <img decoding=\"async\" src=\"https:\/\/i.imgur.com\/HPZbysj.png\" alt=\"Jaime Pizarro\">\n        <h3 style=\"margin-top: 1rem; text-align: center; font-weight: bold; font-size: 1.125rem; color: #41ab34;\">Ministro del Deporte<\/h3>\n      <\/div>\n      <div>\n        <img decoding=\"async\" src=\"https:\/\/i.imgur.com\/tJ7bZV2.png\" alt=\"\u00c1lvaro Ipinza\">\n        <h3 style=\"margin-top: 1rem; text-align: center; font-weight: bold; font-size: 1.125rem; color: #ffd207;\">Subsecretario del Deporte<\/h3>\n      <\/div>\n      <div>\n        <img decoding=\"async\" src=\"https:\/\/i.imgur.com\/KQlRS0y.png\" alt=\"Israel Castro\">\n        <h3 style=\"margin-top: 1rem; text-align: center; font-weight: bold; font-size: 1.125rem; color: #e72265;\">Director Nacional del Instituto Nacional de Deportes<\/h3>\n      <\/div>\n      <div>\n        <img decoding=\"async\" src=\"https:\/\/i.imgur.com\/oDJLGP3.png\" alt=\"Facundo Maza\">\n        <h3 style=\"margin-top: 1rem; text-align: center; font-weight: bold; font-size: 1.125rem; color: #48bab5;\">Director del Parque Estadio Nacional<\/h3>\n      <\/div>\n    <\/div>\n  <\/div>  -->\n\n  <!-- Secci\u00f3n Historia del Parque con Tailwind CSS -->\n  <section class=\"disfruta-nuevo w-full relative pb-12\" style=\"max-width: none !important; width: 100% !important;\">\n      <!-- Imagen principal del estadio con mancha de 1938 superpuesta -->\n      <div class=\"w-full relative mb-8 md:mb-8\">\n          <div class=\"w-full h-[280px] sm:h-[350px] md:h-auto overflow-hidden\">\n              <img decoding=\"async\" src=\"https:\/\/i.imgur.com\/Zu1bORC.png\" alt=\"Vista a\u00e9rea del estadio\" class=\"w-full object-cover object-center mt-20 sm:mt-16 md:mt-0\">\n          <\/div>\n\n          <!-- Mancha de 1938 superpuesta en la esquina superior izquierda (m\u00e1s grande y a\u00fan m\u00e1s arriba) -->\n          <div class=\"absolute -top-8 -left-4 md:-top-12 md:-left-6 w-[95%] md:w-[75%] lg:w-[60%]\">\n              <img decoding=\"async\" src=\"https:\/\/i.imgur.com\/rHdZNem.png\" alt=\"Historia 1938\" class=\"w-full\">\n\n              <!-- Texto dentro de la mancha -->\n              <div class=\"absolute top-[calc(20%+15px)] md:top-[calc(20%+30px)] left-4 md:left-10 text-white w-[70%] md:w-[75%] pb-[10%]\">\n                  <h2 class=\"text-base sm:text-lg md:text-3xl lg:text-5xl font-bold leading-none md:leading-tight !text-white\">Historia del parque<\/h2>\n                  <p class=\"text-[8px] sm:text-[10px] md:text-base lg:text-xl mt-1 md:mt-3 leading-tight md:leading-snug !text-white\">\n                      En 1938, comienza la historia del estadio. A lo largo de los a\u00f1os ha sido testigo de innumerables eventos deportivos, culturales y sociales que han marcado generaciones. Cada d\u00e9cada trae consigo una transformaci\u00f3n \u00fanica.<br><br>Se inaugur\u00f3 el estadio con una capacidad inicial de 20.000 espectadores, convirti\u00e9ndose r\u00e1pidamente en uno de los recintos deportivos m\u00e1s importantes del pa\u00eds.\n                  <\/p>\n              <\/div>\n          <\/div>\n      <\/div>\n\n      <!-- Secci\u00f3n de l\u00ednea de tiempo sin fondo -->\n      <div class=\"w-full py-24 md:py-36\">\n          <div class=\"max-w-7xl mx-auto px-4\">\n              <!-- Fila superior: 1960, 1965, 1975 -->\n              <div class=\"grid grid-cols-1 md:grid-cols-3 gap-y-40 gap-x-8 md:gap-x-16 mb-48\">\n                  <!-- 1960 -->\n                  <div>\n                      <div class=\"flex justify-center mb-8\">\n                          <img decoding=\"async\" src=\"https:\/\/i.imgur.com\/MAmU7p2.png\" alt=\"1960\" class=\"w-full max-w-md\">\n                      <\/div>\n                      <p class=\"text-gray-700 text-center px-4 text-lg md:text-xl\">\n                          Comienza la ampliaci\u00f3n del recinto, bajo el Gobierno de Jorge Alessandri (hijo del Arturo\n  Alessandri que inaugur\u00f3 el estadio). Inicialmente el proyecto contemplaba que tuviera un\n  aforo de 100 mil espectadores, pero el terremoto de 1960 oblig\u00f3 a una reducci\u00f3n\n  presupuestaria, para quedar en 85 mil asistentes.<br>\n  Entre los principales cambios figur\u00f3 remplazar el vel\u00f3dromo del anillo inferior para ampliar las\n  galer\u00edas y la tribuna Andes.\n                      <\/p>\n                  <\/div>\n                  \n                  <!-- 1965 -->\n                  <div>\n                      <div class=\"flex justify-center mb-8\">\n                          <img decoding=\"async\" src=\"https:\/\/i.imgur.com\/k41Qxp3.png\" alt=\"1965\" class=\"w-full max-w-md\">\n                      <\/div>\n                      <p class=\"text-gray-700 text-center px-4 text-lg md:text-xl\">\n                          Se cre\u00f3 la piscina de competencias, la que era parte del plan inicial de 1938. Este espacio ha\n  tenido dos intervenciones. En 2014 se levant\u00f3 una piscina con zona de saltos y en 2023 la\n  piscina exterior fue remodelada. Desde 2024 su nombre fue cambiado a Kristel K\u00f6brich\n  Schimpl, en honor a la mejor nadadora chilena de la historia.\n                      <\/p>\n                  <\/div>\n                  \n                  <!-- 1975 -->\n                  <div>\n                      <div class=\"flex justify-center mb-8\">\n                          <img decoding=\"async\" src=\"https:\/\/i.imgur.com\/mENIXyv.png\" alt=\"1975\" class=\"w-full max-w-md\">\n                      <\/div>\n                      <p class=\"text-gray-700 text-center px-4 text-lg md:text-xl\">\n                          Se inaugura el Court Central de Tenis, para albergar los duelos de Copa Davis y se transform\u00f3\n  en el principal recinto de este deporte en el pa\u00eds. En noviembre de 2015 fue bautizado como\n  Anita Lizana, en honor a la mejor tenista chilena de la historia. En 2023 fue remodelado y se\n  construy\u00f3 la Casa de las Raquetas, con cuatro canchas de r\u00e1quetbol y cuatro de squash.\n                      <\/p>\n                  <\/div>\n              <\/div>\n              \n              <!-- Fila inferior: 1990, 2010-2014, 2023 -->\n              <div class=\"grid grid-cols-1 md:grid-cols-3 gap-y-40 gap-x-8 md:gap-x-16\">\n                  <!-- 1990 -->\n                  <div>\n                      <div class=\"flex justify-center mb-8\">\n                          <img decoding=\"async\" src=\"https:\/\/i.imgur.com\/NK4DBti.png\" alt=\"1990\" class=\"w-full max-w-md\">\n                      <\/div>\n                      <p class=\"text-gray-700 text-center px-4 text-lg md:text-xl\">\n                         En la \u00faltima d\u00e9cada del siglo pasado el parque comenz\u00f3 una de sus primeras transformaciones.\n  Entre las m\u00e1s relevantes se considera la creaci\u00f3n del Centro de Alto Rendimiento y la\n  Residencia Deportiva, que fue uno de los primeros espacios con dedicaci\u00f3n exclusiva para los\n  deportistas de elite.\n                      <\/p>\n                  <\/div>\n                  \n                  <!-- 2010-2014 -->\n                  <div>\n                      <div class=\"flex justify-center mb-8\">\n                          <img decoding=\"async\" src=\"https:\/\/i.imgur.com\/Jv2GyVZ.png\" alt=\"2010-2014\" class=\"w-full max-w-md\">\n                      <\/div>\n                      <p class=\"text-gray-700 text-center px-4 text-lg md:text-xl\">\n                          En 2010 el Coliseo Central cambi\u00f3 los asientos de tablones por butacas, seg\u00fan las exigencias\n  para eventos deportivos, quedando el aforo parta 47 mil espectadores. <br>En 2014, con motivo de los Suramericanos de Santiago se inaugur\u00f3 la piscina de saltos y\n  competencias, m\u00e1s el gimnasio Polideportivo ubicado en calle Pedro de Valdivia.\n                      <\/p>\n                  <\/div>\n                  \n                  <!-- 2023 -->\n                  <div>\n                      <div class=\"flex justify-center mb-8\">\n                          <img decoding=\"async\" src=\"https:\/\/i.imgur.com\/IOJakjt.png\" alt=\"2023\" class=\"w-full max-w-md\">\n                      <\/div>\n                      <p class=\"text-gray-700 text-center px-4 text-lg md:text-xl\">\n                          Para Santiago 2023 el parque tuvo su mayor intervenci\u00f3n dejando un complejo con 16 deportivos de alto rendimiento, m\u00e1s una bater\u00eda de multicanchas, ciclov\u00edas y \u00e1reas verdes, para convertirlo en el Parque Estadio Nacional, el principal punto de encuentro deportivo y ciudadano de pa\u00eds.\n                      <\/p>\n                  <\/div>\n              <\/div>\n          <\/div>\n      <\/div>\n  <\/section>\n\n  <script src=\"https:\/\/cdn.tailwindcss.com\"><\/script>\n<\/body>\n<\/html>\n\n\n\n\n","protected":false},"excerpt":{"rendered":"<p>Parque Estadio Nacional \u00bfQui\u00e9nes somos? El Parque Estadio Nacional es un complejo de 64 hect\u00e1reas y es el principal centro de deporte de alto rendimiento del pa\u00eds. Es administrado por el Instituto Nacional de Deportes, servicio que pertenece al Ministerio del Deporte y su objetivo es ser un punto de encuentro para el deporte de [&hellip;]<\/p>\n","protected":false},"author":1,"featured_media":0,"parent":0,"menu_order":0,"comment_status":"closed","ping_status":"closed","template":"","meta":{"footnotes":""},"class_list":["post-658","page","type-page","status-publish","hentry"],"_links":{"self":[{"href":"\/index.php?rest_route=\/wp\/v2\/pages\/658","targetHints":{"allow":["GET"]}}],"collection":[{"href":"\/index.php?rest_route=\/wp\/v2\/pages"}],"about":[{"href":"\/index.php?rest_route=\/wp\/v2\/types\/page"}],"author":[{"embeddable":true,"href":"\/index.php?rest_route=\/wp\/v2\/users\/1"}],"replies":[{"embeddable":true,"href":"\/index.php?rest_route=%2Fwp%2Fv2%2Fcomments&post=658"}],"version-history":[{"count":67,"href":"\/index.php?rest_route=\/wp\/v2\/pages\/658\/revisions"}],"predecessor-version":[{"id":1735,"href":"\/index.php?rest_route=\/wp\/v2\/pages\/658\/revisions\/1735"}],"wp:attachment":[{"href":"\/index.php?rest_route=%2Fwp%2Fv2%2Fmedia&parent=658"}],"curies":[{"name":"wp","href":"https:\/\/api.w.org\/{rel}","templated":true}]}}